 a - o. What is the tens digit of x?
2
Let o(q) = -13*q**2 - 6 + 3 - q**3 - 8 + 3 - 16*q. Let a be o(-11). Let m = a + 115. What is the tens digit of m?
4
Suppose 12 = q - 5*q - 5*c, -2 = -3*q - c. What is the units digit of ((-1)/q)/((-2)/8) + 19?
1
Suppose -368 = -i - 4*t, t + 343 = -6*i + 7*i. What is the hundreds digit of i?
3
Let g = 296 - 102. What is the units digit of g?
4
Suppose 4*z = 5*z - f - 51, -3*f + 183 = 3*z. What is the units digit of z?
6
What is the hundreds digit of 14775/90 + (-1)/6?
1
Suppose 0 = -3*b - 0. Suppose -k - 3*m + 0*m + 28 = b, -m = -k + 16. What is the units digit of k?
9
Let d(o) = 46*o**2 - 41*o + 14. What is the units digit of d(8)?
0
Let o = -458 + 930. What is the tens digit of o?
7
Let k(h) = h**2 - h - 24. What is the hundreds digit of k(17)?
2
Let g = -7 - -9. Suppose 4*r = g*p - 72, -3*p + 0*r = 5*r - 75. Suppose 5*m - 2*m = p. What is the units digit of m?
0
Suppose 0 = -2*g + 2*u + 2960, 4*g - 4416 = g - 3*u. What is the thousands digit of g?
1
Suppose -39*f = -38*f - 2669. What is the tens digit of f?
6
Let b(q) be the third derivative of 19*q**4/24 - q**3/3 - q**2. Let h(f) = -f**2 + 30*f + 67. Let d be h(32). What is the tens digit of b(d)?
5
Suppose -2*a + 51 + 61 = 0. Suppose 0 = -5*i + 3*y + 293, 4*i + 2*y - a = 3*i. What is the units digit of i?
8
Let i(r) = 5*r**2 - 4*r + 108. What is the units digit of i(17)?
5
Let y(j) = -137*j + 187. What is the units digit of y(-5)?
2
Let i(v) = 7*v**3 - 9*v**2 - 2*v + 3. Let o(p) = -p**3 + p + 1. Let w(f) = -i(f) - 6*o(f). What is the units digit of w(7)?
1
Let c = 87 + 64. What is the tens digit of c?
5
Let g(a) = -253*a**3 - 5*a**2 - 2*a + 4. What is the units digit of g(-2)?
2
Let s be ((-392)/(-42))/((-2)/27). Let u = s + 314. What is the tens digit of u?
8
Let b(q) = -q**2 + 10*q + 9. Let p = -3 + 12. Let o be b(p). Let i = 42 - o. What is the tens digit of i?
2
Suppose -18 = 12*n - 15*n. Let q be (-130)/(-6) - n/9. Suppose -4*g = q - 53. What is the units digit of g?
8
Let q = 8 - 30. Let r = -22 - q. Suppose -2*s = 4*k - 48, r*s - 5*k = 4*s - 84. What is the units digit of s?
6
Let b(p) = -2*p**3 - 2*p**2 + p + 4. Let n be b(-4). Suppose -265 = -f - n. What is the hundreds digit of f?
1
Let w(x) = x**3 + 5*x**2 + 5*x + 7. Let i be w(-4). Let j(m) = 0 + 3 + 1 + i*m - 8*m. What is the units digit of j(-4)?
4
Let c(x) = 21*x**2 + 24*x - 17. What is the thousands digit of c(-10)?
1
Let g(h) = -h**3 - 6*h**2 + 3*h. Let a be g(-6). Let j = 4 + a. Let i(r) = -r**3 - 15*r**2 - 14*r + 16. What is the units digit of i(j)?
6
Let u(g) be the second derivative of 5*g**4/12 + 7*g**3/6 + 2*g**2 + 5*g. What is the tens digit of u(-6)?
4
Let n(c) = 98*c**2 - 15*c - 104. What is the units digit of n(-5)?
1
Let z = 1791 + 234. What is the hundreds digit of z?
0
Let k be (-1)/(2/(-190)*-1). Let t = 152 + k. What is the tens digit of t?
5
Let b = 27 - 25. What is the units digit of (-84)/(-5) - b/(-10)?
7
Suppose 2*i - 5*n = -302, 0 = 4*i - 6*i + 2*n - 290. What is the hundreds digit of (2/3 + 2)*i/(-2)?
1
Suppose 4*h + 4 = s + 38, 111 = -3*s + 3*h. Let v = s + 39. What is the units digit of v?
1
Let a be 0/(4/(-2) - 0). Suppose -3*o = -a*o - 15. Suppose -m + 11 = o*d, -8*d - 33 = -3*m - 3*d. What is the units digit of m?
1
What is the hundreds digit of (6/(-7))/(11 + 103345/(-9394))?
7
Let l = 10076 + -6437. What is the tens digit of l?
3
Suppose 0 = -2*q - h + 2122, -43*h + 4256 = 4*q - 44*h. What is the tens digit of q?
6
Let a be (22/(-33))/((-2)/9). What is the units digit of 6 - ((a - 3) + -2)?
8
Suppose 4*l - 5*u = 49, u = 2*u + 1. Let d = l + -4. Suppose 0 = -21*f + 22*f - d. What is the units digit of f?
7
Let n(q) = -q**2 - 3*q - 4. Let a be n(-3). Let x(c) = -2*c**2 + 3*c - 2. Let r be x(a). Let o = 86 + r. What is the units digit of o?
0
Let h = 60 + -60. Suppose 10 = 3*i + 1. Suppose -y - l + 38 = h, 112 + 68 = 5*y + i*l. What is the tens digit of y?
3
Suppose 10 = h - 2. Suppose 0 = -0*d + 4*d - h. What is the units digit of 25/d - 5/15?
8
Suppose -4*j - 1899 = -8131. What is the hundreds digit of j?
5
Suppose 0 = 6*k - 4*k + 3*m - 381, -5*k = 3*m - 975. Let f = 326 - k. What is the units digit of f?
8
Let z be (3/6)/(1/58). Suppose -24*d - 315 = -z*d. What is the tens digit of d?
6
Suppose -4*v + 5*v - 3*i = 14, 2*v - 4*i = 22. Suppose 5*b + v = 5*s, 2*b + 2*b - 14 = s. What is the units digit of (-1)/6 + 7/s?
1
Let o(f) = -f**3 - 6*f**2 - 7*f - 6. Let n be o(-5). Suppose 0 = -z + n*z - 627. What is the tens digit of z?
0
Let d(o) = -2*o**2 - 8*o - 38. Let r be d(-11). Let y = 283 + r. What is the units digit of y?
1
Let t(g) = -20*g + 6. Let k be t(-6). Suppose 230 = 5*w + 5*l, -2*w + l + k = w. Suppose 0 = 5*i - w - 7. What is the tens digit of i?
1
Suppose 2*k - 39 = -k. Suppose k*v - 18*v = -115. What is the tens digit of v?
2
Let y(d) = -d**3 + d**2 - d. Let x(t) = -7*t**2 + t - 10*t**2 + 7*t**3 - 7 - 8*t + 0*t**2. Let k(g) = -x(g) - 6*y(g). What is the units digit of k(12)?
9
Let y be 2/(-9) - (-47)/9. Let i(g) = -g**3 + 6*g**2 + g - 6. Let c be i(y). Suppose 4*x - 20 = c. What is the tens digit of x?
1
Suppose -x - 19 = -81. Let z be (-8 + 11)*(-74)/6. Let w = z + x. What is the tens digit of w?
2
Suppose -n + 529 = -596. What is the units digit of n?
5
Let s = 849 - 178. What is the tens digit of s?
7
Suppose -12*b + 9*b + 1844 = 5*z, 628 = b - z. What is the tens digit of b?
2
Let y(t) = -t**3 + 5*t**2 + 13*t + 9. Let x be y(7). Suppose x = 2*g - 0. What is the units digit of 8/20*g*115?
6
Let h be -1 + 30*2 + 0. Suppose -308 = 100*y - 104*y. Suppose -h = -4*l + y. What is the tens digit of l?
3
Suppose 2*v = -2*j + 3*v + 220, 100 = j - 3*v. Let l = j - 13. What is the units digit of l?
9
Suppose 0 = -5*b + 1291 - 261. Suppose 5*s = -5*q + 460, -s = 5*q - 270 - b. What is the tens digit of q?
9
Let k = 179 + 151. What is the units digit of k?
0
What is the hundreds digit of ((267/4)/(-3))/(75/(-600))?
1
Suppose -5*u + 2*d + 2484 = -15774, -14608 = -4*u + 2*d. What is the tens digit of u?
5
Let n = -1 - 2. What is the units digit of (-37)/n*(16 - 13)?
7
Suppose -3*f - 15 = 2*f - 5*t, 0 = 4*f - 3*t + 14. Let r be (-110)/4*2/f. What is the units digit of (r + -9)*(4 - 0)?
8
Let y(r) = 89*r + 106. What is the units digit of y(10)?
6
Let o(a) = -2*a**2 - a + 162. What is the units digit of o(0)?
2
Let s(g) = -23*g + 8. Let a be s(-4). Let w = 183 - a. What is the tens digit of w?
8
Let u be 4839/21 - 3/7. Suppose 2*c = 7*c - u. What is the tens digit of c?
4
Let j = -17 + 21. What is the tens digit of (-17)/((-57)/(-15) - j)?
8
Suppose 48*d = 10336 + 8720. What is the hundreds digit of d?
3
Let w = -167 + 246. What is the tens digit of w?
7
Let f be (-15)/12 + (-1)/(-4). Let y be 10/(-5) - f*23. What is the units digit of 6/(-21) + 111/y?
5
Let o(x) = 3*x**2 - 5 - 13*x**2 + 3 + 7*x**2 + 24*x**3 + 4*x. What is the tens digit of o(1)?
2
Let y = 3 - -1. Suppose -y*p + 8*p = 4. What is the units digit of p?
1
Let b = -10 + 27. Let r = b + 3. Let y = r - 6. What is the tens digit of y?
1
Let d = 180 + -156. Let r = 7 + -16. Let x = r + d. What is the tens digit of x?
1
Let a(f) = -11*f - 3. Let l(x) = -5*x - 1. Let t be 15/(-2)*(-12)/10. Let q(s) = t*l(s) - 4*a(s). What is the units digit of q(0)?
3
Suppose -5*g - 8*p + 10*p + 1652 = 0, 0 = -g - 4*p + 326. What is the hundreds digit of g?
3
Suppose -4*q - 4*n + 1316 = 0, -n + 984 = 3*q + 3*n. Let y = q + -210. What is the tens digit of y?
2
Let x(s) = s**3 + 14*s**2 + 11*s + 13. Let m be x(-13). Let f = m + -27. What is the units digit of f?
2
Let q be 2/8 - (-44)/16. Suppose q*k = 2*u - u - 56, 3*u - 5*k - 172 = 0. What is the units digit of u?
9
Let c = 11 - 7. Suppose 3*b = -c*j + 201, -4*b = b - 3*j - 306. Suppose -2*z - b = -3*z. What is the units digit of z?
3
Let h(z) = 5 - 6*z + 2 - 1 - 6*z. Let j be h(6). What is the tens digit of (-10)/15*1*j?
4
Let q = 44 + -59. What is the tens digit of 189/q*20/(-6)?
4
Let c = -23 - -18. Let g(f) be the first derivative of -f**4/4 - 5*f**3/3 - f**2 - 6. What is the tens digit of g(c)?
1
Suppose -1 - 5 = -3*j, 0 = 3*d + 5*j - 11779. What is the thousands digit of d?
3
Let s(z) = -z**2 + 11*z + 10. Let m be s(10). Suppose -26 = -5*w - f, w + m = 3*w - 2